 Give i(d).
2
Let i(p) = p**3 + p**2 + 6. Suppose q - 6*q = 0. Give i(q).
6
Suppose -f = -2*n + 2*f - 3, 2 = -n + 2*f. Let h = n + -2. Let i(k) = -5*k - 3. Let l(g) = -9*g - 6. Let x(d) = 5*i(d) - 3*l(d). Calculate x(h).
-1
Let u(r) = 16*r**2 + 1. Let o be u(-1). Let m = o - 16. Let q(z) be the second derivative of z**5/4 + z**4/6 - z**3/6 + z. Determine q(m).
6
Let s(u) be the third derivative of -u**6/30 - u**4/12 - u**3/6 - 4*u**2. Calculate s(-1).
5
Let i(o) = o**3 - 4*o**2 - o + 1. Suppose 4*j = 3*y - 32, 2*y - 1 = 3*y + j. Determine i(y).
-3
Let y(h) = h**3 - 6*h**2 - 8*h + 10. Let c be y(7). Let k = c - 6. Let a(z) = -3*z - 3. Calculate a(k).
6
Let q(u) = u**3 + 4*u**2 + 2. Let h be q(-4). Let k(v) = 1. Let d(p) = p. Let z(l) = h*k(l) - d(l). What is z(-4)?
6
Let q(x) be the second derivative of x**7/2520 - x**6/360 + x**5/120 - x**4/3 - x. Let v(c) be the third derivative of q(c). Calculate v(3).
4
Let o be 50/(-5)*3/6. Suppose 3*p = -3*r - 3, 0*r - 3*p - 7 = r. Let j(g) = 4*g**2 - 5*g - 5*g**r + 0*g**2 + 4. Calculate j(o).
4
Let a(b) = -b**2 - b + 5. Suppose -2*u = 2*j, -3*u + 4 = 4*j - u. Let l = -22 - -24. Let g = j - l. What is a(g)?
5
Let p(m) = -6*m + 3. Let k(g) = 18*g - 8. Let r(y) = -5*k(y) - 14*p(y). Calculate r(-3).
16
Let i(q) = q**3 + 4*q**2 - 5*q. Suppose 4*d = -5*j + 7, -j + 3*d - 10 = -0*j. Let r = j - 4. Give i(r).
0
Let g(i) = -5*i**2 + 2*i + 9. Let o(d) = 3*d**2 - d - 5. Let w(m) = -6*g(m) - 11*o(m). Determine w(1).
-3
Let m be (-3)/(-12)*-2*-2. Let l(y) be the first derivative of -3*y**4/2 + y**3/3 + 1. Calculate l(m).
-5
Let q = -8 - -6. Let f(h) = 4*h - 5. Let x(v) = 9*v - 11. Let w(o) = q*x(o) + 5*f(o). Let g(k) = -k - 4. Let i be g(-6). What is w(i)?
1
Let b(y) = y**2 - 5*y - 4. Let n be b(6). Let j = 0 + n. Let u(x) = -1 + j - x - x. Give u(-3).
7
Let h(l) = 4 - 695*l - 1 + l**2 + 688*l. What is h(5)?
-7
Let r(m) be the first derivative of -m**2 + 5*m + 29. Let b = -1 - -31. Suppose -5*f - y + 0*y + b = 0, 10 = 3*f - y. Give r(f).
-5
Suppose 4*t - 6 = 2. Let s(g) = 0 + t - g**2 + 2*g**2 - 6*g. What is s(4)?
-6
Let j = 7 + -13. Let h = j + 9. Let n(x) = 6*x - 4*x**2 + 0*x - 4 + 3*x**2 + 0*x**2. What is n(h)?
5
Let z(n) = -n**2 - 11*n + 15. Let y be (-490)/40 - (-1)/4. Let o be z(y). Let t(v) = -2*v + 1. What is t(o)?
-5
Let w(n) = -2*n + 8*n**3 - 2*n**3 + 3*n. Suppose -18*a + 24 = 6. Determine w(a).
7
Suppose -2*x = -4*l + 14, -x = -4*l - 2*x - 1. Let s(c) = -2*c - 4. Let u be s(-3). Let r(f) = u*f**2 - 3*f**3 - 12*f**3 - 1 + f**3 + f**3. What is r(l)?
-12
Let s(u) = u**2 - u**3 - 3 - 2*u + 2 + u**2. Let g(c) = -3 + 2*c - 3*c**2 + 1 - 2*c**3 + 4 + 4*c**3. Let k(h) = -2*g(h) - 3*s(h). Calculate k(2).
-5
Let f be 3/(2 + (-21)/15). Suppose -u - 5 = -0*u. Let i = u + f. Let s(z) = z**3 + z + 8. Calculate s(i).
8
Let q(x) = 29*x**2 + 1 + 2*x**3 - 30*x**2 - x**3. Let i(b) = 3*b**3 + 2*b**2 - 2*b + 1. Let f(y) = -i(y) + 4*q(y). Determine f(5).
-12
Suppose j = -3*j - 24. Let z(b) = b**3 + 5*b**2 - 8*b - 5. Calculate z(j).
7
Let b(l) be the third derivative of l**6/120 + l**5/10 + 5*l**4/24 - 5*l**3/6 - 37*l**2. Let z = -2 + -3. Give b(z).
-5
Let c(b) = -b**3 + 5*b**2 - 2*b. Let h(i) be the third derivative of i**4/12 - 15*i**2. Suppose -4*d = -6 - 2. Let x be h(d). Determine c(x).
8
Let p(l) be the third derivative of -l**5/60 + 5*l**4/24 - l**3/3 + 2*l**2. Suppose 2*h + 5*d = 1 - 6, 0 = -3*h + 3*d + 24. What is p(h)?
-2
Suppose 0 = 3*i + 3*n - 165, i - n - 58 = -11. Let u(o) = -1 + 49*o**2 - 4*o - 2 - i*o**2. Let m be u(-2). Let x(c) = c**3 + 3*c**2 + 2*c + 4. What is x(m)?
-2
Let u(s) = s + 8. Let c(d) = -d**3 + 2*d**2 - d + 7. Let g be c(0). Calculate u(g).
15
Let j(u) = -4*u**2 - u - 1. Let v be 0/2*8/(-8). Let p be (v - 1) + (-1 - 0). Calculate j(p).
-15
Let d(k) = k**3 - 6*k**2 + k - 4. Let w be d(6). Suppose 2*b = b + w. Let i(h) = 2*h + 2*h - 3*h - 2. What is i(b)?
0
Let r(j) be the first derivative of -j**2/2 + 8*j + 56. Give r(10).
-2
Let s(a) = -2. Let l(p) = -p + 5. Let k(o) = 2*l(o) + 5*s(o). Give k(-3).
6
Let w(v) = -4*v + 3. Suppose -8*f + 11*f - 20 = 5*u, -4 = u - 2*f. Determine w(u).
19
Let n(c) be the first derivative of c**3/3 - 7*c**2/2 + c + 1. What is n(7)?
1
Let i(w) = -w**3 - 4 + 6 - 6*w + 5*w**2 + 2*w. Suppose -4*d + 23 = 3*o + 5, d - 1 = o. What is i(d)?
8
Let i(r) = r**2 + 5*r + 2. Let x be 50/(-12) - (-10)/60. What is i(x)?
-2
Let l be 3*6*(-3)/(-6). Suppose l = r + 1. Suppose 3*u = 5*u + r. Let g(y) = -y**3 - 4*y**2 - y - 3. What is g(u)?
1
Let d(t) = t**2 - 9*t + 9. Suppose 3*g + 2*g - 2*l + 8 = 0, -5*g - l = -4. Suppose g = -3*b + 2*b + 6. Give d(b).
-9
Let r(l) = -l + 4. Suppose -4*z + 2*z + 6 = 0. Suppose 0 = 2*a + 3*h + 3 - 13, 0 = 3*a - 5*h + 4. Suppose 0 = 4*c + 2*b + a, 8*c + 1 = z*c - b. Determine r(c).
4
Let s(t) = -t**3 + 8*t**2 + t - 3. Let y = 50 + -42. What is s(y)?
5
Let d(w) = -w**3 - w + 5. Suppose 0*s + 0*s - 3*s = 0. Give d(s).
5
Let f be (-76)/12 - 7/((-42)/(-4)). Let k(u) = -u**2 - 7*u - 7. Determine k(f).
-7
Let i be (-4)/1 + (13 + 7)/(-2). Let f(j) = -j**3 - 14*j**2 - j - 11. What is f(i)?
3
Let h(v) = -v - 5. Let i(z) = -z - 3. Let g(f) = 4*h(f) - 7*i(f). Calculate g(1).
4
Let x(c) = -c**3 + c - 4. Let p be 2/8 - 4/16. Give x(p).
-4
Let o(a) be the second derivative of a**6/360 + a**5/30 + a**4/4 + a**3/3 - 4*a. Let n(g) be the second derivative of o(g). Determine n(-5).
11
Suppose -3*o - o - 3*t - 31 = 0, -2*o + 12 = -4*t. Suppose -3*i + 5*i - 3*x = -28, -3*x + 12 = 0. Let u = i - o. Let d(p) = p**2 + 4*p + 2. Determine d(u).
2
Let y = 4 + 4. Suppose h + 1 = 2*h. Let g(q) = 1 - 1 - h + y*q. Give g(1).
7
Let g(l) = -3*l + 4. Let s(y) = y - 1. Let h(j) = j**2 - j - 1. Let r be h(-1). Let w be r/3 + (-6)/(-9). Let p(c) = w*g(c) + 2*s(c). Calculate p(-2).
4
Let g(r) be the second derivative of -1/12*r**4 - 1/2*r**2 - 5/6*r**3 - 4*r + 0. Determine g(-5).
-1
Let k(u) be the third derivative of -u**7/2520 - u**6/240 + u**5/30 - 4*u**2. Let z(b) be the third derivative of k(b). What is z(6)?
-15
Let i(p) = -2*p + 22. Let g be i(12). Let l(v) = v**3 + v**2 - 2*v + 1. Determine l(g).
1
Let n(h) = -h**3 - 5*h**2 + 5*h - 2. Suppose 0 = 2*d - 7*d - 30. Determine n(d).
4
Let r(v) = -7*v**2 + v. Suppose 0 = 2*l - l + 12. Let q be (-44)/l - (-2)/(-3). Let k = q + -2. Calculate r(k).
-6
Suppose -d = -t + 3*d - 8, 0 = 4*t - d + 2. Let n(u) = u**3 + 4*u**2 - 5*u + 10. Let g(k) = k**3 + 3*k**2 - 4*k + 9. Let j(z) = 5*g(z) - 4*n(z). Calculate j(t).
5
Let z(w) = -w + 9. Let g be z(9). Let d(i) = i + i + i + g. Let s(n) = n**3 - 10*n**2 + 9*n - 2. Let a be s(9). What is d(a)?
-6
Let h(f) = f**3 + 5*f**2 - 5*f - 1. Let z = 10 + -16. Determine h(z).
-7
Let j(p) = -2*p**2 - 1. Suppose -3*i = k + 2*k + 60, -4 = i + 5*k. Let g = i - -22. What is j(g)?
-9
Suppose 2*k + 1 = -1. Let f(m) = m**2 + 4*m + 4. Let v be f(-3). Let w(n) = -2 + 2 - v - 8*n**2. Give w(k).
-9
Let i(z) = 2 + 3*z - 3 + 0*z. Let l be i(1). Let t(d) = -d + d**l - 6*d + d + 1. Give t(5).
-4
Let o(n) = n**2 - n - 1. Suppose 0 = -p + 4*p + 2*c - 3, 0 = -2*p - 3*c + 2. Let r be (4 - 6)/(1/p). Calculate o(r).
5
Let s be 80/45 + (-2)/(-9). Let a(b) = -5*b - 4 + s*b - 4*b + b + b**2. Calculate a(6).
-4
Let h = -33 - -41. Let b(a) = a**2 - 7*a - 2. Determine b(h).
6
Suppose -4*j - 2*x + 4 = 0, 0 = 2*j - 2*x - 3*x - 26. Let v(r) = 4 + j + 5*r - 5. Suppose 0*d + 2*d - 16 = 5*k, -k + 4 = -4*d. Calculate v(d).
-8
Suppose -56 = 5*p - 6. Let y = -7 - p. Let r(n) = n - 5*n + 5*n + y. What is r(-5)?
-2
Suppose -i + 3 = 5*a - 7, 0 = -2*a + 3*i - 13. Let q(u) = 9*u**2 - 1. Calculate q(a).
8
Let i(l) be the third derivative of -1/3*l**3 + 0*l - l**2 - 1/6*l**4 + 0 + 1/180*l**6 + 1/40*l**5. Let s(w) be the first derivative of i(w). Give s(-3).
5
Let x(g) = 2*g + 3. Suppose -2*a + 11 = 2*u - 7*a, a + 13 = 4*u. Let o(n) = n + 2. Let r(h) = u*o(h) - 2*x(h). Suppose 0 = 7*c - 12*c - 15. Determine r(c).
3
Suppose 0 = 2*f + 4*i, -4*f + 4*i + 2 = 26. Let y(d) = -1 - 2*d - 4 + 11*d**2 - d**3 - 15*d**2. What is y(f)?
3
Let m(y) be the third derivative of y**5/120 + 3*y**4/8 - y**3/2 + 6*y**2. Let l(z) be the first derivative of m(z). Give l(-7).
2
Let c(w) be the third derivative of -w**7/5040 + w**5/30 - 3*w**2. Let p(y) be the third derivative of c(